{"id":217,"date":"2025-01-15T12:43:06","date_gmt":"2025-01-15T12:43:06","guid":{"rendered":"https:\/\/srh-events.ro\/amiloidoza\/?page_id=217"},"modified":"2025-04-24T10:41:49","modified_gmt":"2025-04-24T08:41:49","slug":"inregistrare-contul-meu","status":"publish","type":"page","link":"https:\/\/srh-events.ro\/amiloidoza\/inregistrare-contul-meu\/","title":{"rendered":"\u00cenregistrare \/ Contul meu"},"content":{"rendered":"<p style=\"text-align: center;\">Pentru \u00eenscrieri la <strong>Conferin\u021ba Na\u021bional\u0103 de Amiloidoz\u0103 2025<\/strong> v\u0103 rug\u0103m s\u0103 ne contacta\u021bi la adresa de email <a href=\"mailto:contact@srh-events.ro\" target=\"_blank\" rel=\"noopener\">contact@srh-events.ro<\/a> cu urm\u0103toarele informa\u021bii:<\/br> Nume \u0219i prenume, tipul de participant (medic primar\/specialist, medic rezident), ora\u0219, CUIM (\u00een cazul medicilor), CNP (\u00een cazul asisten\u021bilor medicali), Num\u0103r de telefon \u0219i specialitate.<br \/>\nV\u0103 mul\u021bumim.<\/p>\n<p><!--<iframe id=\"myiframe\" style=\"width: 100%;height : 600px\" src=\"https:\/\/app.eventified.eu\/registration\/index.html?eventId=26501\" frameborder=\"0\" scrolling=\"no\"><\/iframe>\n<script>\nlet contentFrame = window.document.getElementById(\"myiframe\");\n\/\/remove sticky header\n\/\/document.querySelector('#header-sticky').classList = [];\n\/\/document.querySelector('#header-sticky').style.display = \"none\";\n\/\/remove large padding\n\/\/document.querySelector('#main').style.paddingTop = \"0px\";\n\/\/document.querySelector('#main').style.paddingBottom= \"0px\";\nif(Math.max(\ndocument.body.scrollWidth,\ndocument.documentElement.scrollWidth,\ndocument.body.offsetWidth,\ndocument.documentElement.offsetWidth,\ndocument.documentElement.clientWidth\n) < 700){\ndocument.querySelector('#main-content .container').style['max-width']='unset';\ndocument.querySelector('#main-content .container').style['width']='100%';\n}\nfunction receiveEvent(event){\nif (event.origin == \"https:\/\/app.eventified.eu\") {\nif(Math.max(\ndocument.body.scrollWidth,\ndocument.documentElement.scrollWidth,\ndocument.body.offsetWidth,\ndocument.documentElement.offsetWidth,\ndocument.documentElement.clientWidth\n) < 700){ contentFrame.style.height = event.data.contentHeight+ 110 + \"px\"; }else{ contentFrame.style.height = event.data.contentHeight+ 20 + \"px\"; } \/\/document.getElementById(\"myiframe\").scrollIntoView(); window.scrollTo(0, 0); } } \/\/remove left right margins \/\/document.querySelector('#main > div').style.maxWidth = \"100%\";\nwindow.addEventListener(\"message\",receiveEvent );\n<\/script>--><\/p>\n","protected":false},"excerpt":{"rendered":"<p>Pentru \u00eenscrieri la Conferin\u021ba Na\u021bional\u0103 de Amiloidoz\u0103 2025 v\u0103 rug\u0103m s\u0103 ne contacta\u021bi la adresa de email contact@srh-events.ro cu urm\u0103toarele informa\u021bii: Nume \u0219i prenume, tipul de participant (medic primar\/specialist, medic rezident), ora\u0219, CUIM (\u00een cazul medicilor), CNP (\u00een cazul asisten\u021bilor medicali), Num\u0103r de telefon \u0219i specialitate. V\u0103 mul\u021bumim.<\/p>\n","protected":false},"author":2,"featured_media":0,"parent":0,"menu_order":0,"comment_status":"closed","ping_status":"closed","template":"","meta":{"_et_pb_use_builder":"","_et_pb_old_content":"","_et_gb_content_width":"","footnotes":""},"class_list":["post-217","page","type-page","status-publish","hentry"],"_links":{"self":[{"href":"https:\/\/srh-events.ro\/amiloidoza\/wp-json\/wp\/v2\/pages\/217","targetHints":{"allow":["GET"]}}],"collection":[{"href":"https:\/\/srh-events.ro\/amiloidoza\/wp-json\/wp\/v2\/pages"}],"about":[{"href":"https:\/\/srh-events.ro\/amiloidoza\/wp-json\/wp\/v2\/types\/page"}],"author":[{"embeddable":true,"href":"https:\/\/srh-events.ro\/amiloidoza\/wp-json\/wp\/v2\/users\/2"}],"replies":[{"embeddable":true,"href":"https:\/\/srh-events.ro\/amiloidoza\/wp-json\/wp\/v2\/comments?post=217"}],"version-history":[{"count":7,"href":"https:\/\/srh-events.ro\/amiloidoza\/wp-json\/wp\/v2\/pages\/217\/revisions"}],"predecessor-version":[{"id":327,"href":"https:\/\/srh-events.ro\/amiloidoza\/wp-json\/wp\/v2\/pages\/217\/revisions\/327"}],"wp:attachment":[{"href":"https:\/\/srh-events.ro\/amiloidoza\/wp-json\/wp\/v2\/media?parent=217"}],"curies":[{"name":"wp","href":"https:\/\/api.w.org\/{rel}","templated":true}]}}

Înregistrare / Contul meu

<p style="text-align: center;">Pentru înscrieri la <strong>Conferința Națională de Amiloidoză 2025</strong> vă rugăm să ne contactați la adresa de email <a href="mailto:contact@srh-events.ro" target="_blank" rel="noopener">contact@srh-events.ro</a> cu următoarele informații:</br> Nume și prenume, tipul de participant (medic primar/specialist, medic rezident), oraș, CUIM (în cazul medicilor), CNP (în cazul asistenților medicali), Număr de telefon și specialitate.<br />
Vă mulțumim.</p>
<p><!--<iframe id="myiframe" style="width: 100%;height : 600px" src="https://app.eventified.eu/registration/index.html?eventId=26501" frameborder="0" scrolling="no"></iframe>
<script>
let contentFrame = window.document.getElementById("myiframe");
//remove sticky header
//document.querySelector('#header-sticky').classList = [];
//document.querySelector('#header-sticky').style.display = "none";
//remove large padding
//document.querySelector('#main').style.paddingTop = "0px";
//document.querySelector('#main').style.paddingBottom= "0px";
if(Math.max(
document.body.scrollWidth,
document.documentElement.scrollWidth,
document.body.offsetWidth,
document.documentElement.offsetWidth,
document.documentElement.clientWidth
) < 700){
document.querySelector('#main-content .container').style['max-width']='unset';
document.querySelector('#main-content .container').style['width']='100%';
}
function receiveEvent(event){
if (event.origin == "https://app.eventified.eu") {
if(Math.max(
document.body.scrollWidth,
document.documentElement.scrollWidth,
document.body.offsetWidth,
document.documentElement.offsetWidth,
document.documentElement.clientWidth
) < 700){ contentFrame.style.height = event.data.contentHeight+ 110 + "px"; }else{ contentFrame.style.height = event.data.contentHeight+ 20 + "px"; } //document.getElementById("myiframe").scrollIntoView(); window.scrollTo(0, 0); } } //remove left right margins //document.querySelector('#main > div').style.maxWidth = "100%";
window.addEventListener("message",receiveEvent );
</script>--></p>

<p>Pentru înscrieri la Conferința Națională de Amiloidoză 2025 vă rugăm să ne contactați la adresa de email contact@srh-events.ro cu următoarele informații: Nume și prenume, tipul de participant (medic primar/specialist, medic rezident), oraș, CUIM (în cazul medicilor), CNP (în cazul asistenților medicali), Număr de telefon și specialitate. Vă mulțumim.</p>
